t the prime factors of 271811.
271811
What are the prime factors of 1189937?
7, 169991
What are the prime factors of 17684629?
367, 48187
What are the prime factors of 1123556?
2, 7, 40127
List the prime factors of 602411.
602411
What are the prime factors of 654632?
2, 11, 43, 173
What are the prime factors of 174087?
3, 23, 29
List the prime factors of 1577665.
5, 19, 16607
List the prime factors of 782621.
7, 23, 4861
List the prime factors of 4166294.
2, 11, 189377
List the prime factors of 8911406.
2, 7, 43, 113, 131
What are the prime factors of 1212206?
2, 41, 14783
List the prime factors of 218596.
2, 7, 37, 211
List the prime factors of 569851.
569851
List the prime factors of 1202036.
2, 11, 17, 1607
List the prime factors of 96245.
5, 19249
What are the prime factors of 699942?
2, 3, 116657
What are the prime factors of 18833755?
5, 3766751
What are the prime factors of 32620800?
2, 3, 5, 1699
What are the prime factors of 3764605?
5, 13, 57917
What are the prime factors of 4864584?
2, 3, 17, 11923
List the prime factors of 6360099.
3, 271, 7823
List the prime factors of 8793726.
2, 3, 17, 73, 1181
List the prime factors of 99078.
2, 3, 7, 337
List the prime factors of 24700032.
2, 3, 7, 1021
What are the prime factors of 5536293?
3, 7, 43, 6131
List the prime factors of 1035172.
2, 137, 1889
List the prime factors of 24799729.
257, 96497
List the prime factors of 345696.
2, 3, 13, 277
List the prime factors of 185436.
2, 3, 17, 101
List the prime factors of 1003387.
7, 11, 83, 157
List the prime factors of 1429.
1429
What are the prime factors of 2216369?
19, 157, 743
List the prime factors of 1274176.
2, 43, 463
List the prime factors of 25739.
7, 3677
List the prime factors of 28928877.
3, 1039, 9281
What are the prime factors of 831702?
2, 3, 138617
List the prime factors of 8042325.
3, 5, 157, 683
List the prime factors of 278152.
2, 7, 4967
List the prime factors of 1201380.
2, 3, 5, 20023
List the prime factors of 583357.
19, 30703
What are the prime factors of 94313?
37, 2549
What are the prime factors of 3704373?
3, 19, 29, 83
What are the prime factors of 149723?
7, 73, 293
What are the prime factors of 15023?
83, 181
What are the prime factors of 1698660?
2, 3, 5, 9437
List the prime factors of 1474370.
2, 5, 61, 2417
List the prime factors of 4451977.
17, 261881
What are the prime factors of 5399665?
5, 1079933
What are the prime factors of 539575?
5, 113, 191
What are the prime factors of 11623166?
2, 2111, 2753
What are the prime factors of 61646?
2, 13, 2371
What are the prime factors of 159291?
3, 11, 1609
List the prime factors of 306604.
2, 76651
List the prime factors of 81402.
2, 3, 13567
What are the prime factors of 520223?
11, 47293
List the prime factors of 16250021.
193, 269, 313
What are the prime factors of 129590?
2, 5, 12959
What are the prime factors of 3287008?
2, 59, 1741
What are the prime factors of 4016465?
5, 739, 1087
List the prime factors of 3110637.
3, 349, 2971
What are the prime factors of 13352671?
37, 563, 641
List the prime factors of 224885.
5, 41, 1097
List the prime factors of 6007030.
2, 5, 600703
What are the prime factors of 516824?
2, 7, 11, 839
What are the prime factors of 5389305?
3, 5, 53, 6779
List the prime factors of 5968725.
3, 5, 7, 11369
List the prime factors of 24619757.
17, 1448221
What are the prime factors of 528511?
528511
What are the prime factors of 963017?
11, 87547
What are the prime factors of 18515?
5, 7, 23
What are the prime factors of 1204973?
7, 11, 15649
What are the prime factors of 223379?
13, 17183
What are the prime factors of 4945158?
2, 3, 91577
What are the prime factors of 435540?
2, 3, 5, 7, 17, 61
What are the prime factors of 522883?
522883
What are the prime factors of 886706?
2, 443353
List the prime factors of 28846998.
2, 3, 1602611
What are the prime factors of 2053496?
2, 256687
What are the prime factors of 296126?
2, 148063
List the prime factors of 1219671.
3, 199, 227
What are the prime factors of 2252478?
2, 3, 375413
List the prime factors of 203113.
23, 8831
List the prime factors of 2244164.
2, 13, 103, 419
List the prime factors of 535309.
73, 7333
What are the prime factors of 6810366?
2, 3, 1135061
What are the prime factors of 554162?
2, 7, 23, 1721
List the prime factors of 29878.
2, 14939
What are the prime factors of 7965459?
3, 29, 3391
List the prime factors of 21929.
21929
What are the prime factors of 6779594?
2, 3389797
List the prime factors of 2024766.
2, 3, 197, 571
List the prime factors of 4619030.
2, 5, 13, 35531
List the prime factors of 3428379.
3, 19, 41, 163
List the prime factors of 2222914.
2, 1111457
List the prime factors of 7017049.
13, 41521
List the prime factors of 103350.
2, 3, 5, 13, 53
What are the prime factors of 1476777?
3, 89, 5531
List the prime factors of 286713.
3, 7, 37, 41
List the prime factors of 106513.
11, 23, 421
List the prime factors of 9934828.
2, 2483707
What are the prime factors of 1540118?
2, 770059
List the prime factors of 1108906.
2, 554453
What are the prime factors of 43026?
2, 3, 71, 101
List the prime factors of 7572090.
2, 3, 5, 83, 3041
List the prime factors of 18557164.
2, 4639291
List the prime factors of 532282.
2, 37, 7193
List the prime factors of 139366.
2, 17, 4099
What are the prime factors of 53795?
5, 7, 29, 53
What are the prime factors of 2435408?
2, 152213
List the prime factors of 6267370.
2, 5, 691, 907
What are the prime factors of 3500867?
41, 103, 829
List the prime factors of 96302.
2, 179, 269
List the prime factors of 501126.
2, 3, 17
List the prime factors of 6462715.
5, 7, 184649
List the prime factors of 852800.
2, 5, 13, 41
What are the prime factors of 3117463?
19, 47, 3491
What are the prime factors of 399564?
2, 3, 11, 1009
List the prime factors of 539650.
2, 5, 43, 251
What are the prime factors of 215676?
2, 3, 1997
What are the prime factors of 5034263?
13, 23, 113, 149
What are the prime factors of 164371?
164371
What are the prime factors of 967595?
5, 431, 449
What are the prime factors of 129624?
2, 3, 11, 491
List the prime factors of 136053.
3, 5039
List the prime factors of 13429895.
5, 383, 7013
List the prime factors of 1112363.
7, 158909
List the prime factors of 48634.
2, 24317
What are the prime factors of 68541?
3, 11, 31, 67
What are the prime factors of 424727?
424727
What are the prime factors of 3417034?
2, 17, 100501
What are the prime factors of 4213861?
31, 181, 751
List the prime factors of 6779526.
2, 3, 13, 23, 3779
What are the prime factors of 188750?
2, 5, 151
What are the prime factors of 30767204?
2, 13, 67, 8831
List the prime factors of 339643.
17, 19979
List the prime factors of 8846627.
8846627
List the prime factors of 5471898.
2, 3, 89, 10247
List the prime factors of 795449.
795449
List the prime factors of 3227375.
5, 25819
List the prime factors of 1932779.
563, 3433
List the prime factors of 29700.
2, 3, 5, 11
List the prime factors of 187398.
2, 3, 29, 359
List the prime factors of 11510.
2, 5, 1151
What are the prime factors of 104650?
2, 5, 7, 13, 23
List the prime factors of 15937841.
47, 339103
List the prime factors of 3097104.
2, 3, 113, 571
List the prime factors of 228681.
3, 25409
What are the prime factors of 1627561?
13, 125197
What are the prime factors of 175723?
175723
What are the prime factors of 311776?
2, 9743
What are the prime factors of 8334320?
2, 5, 104179
What are the prime factors of 130122?
2, 3, 7229
List the prime factors of 63370.
2, 5, 6337
What are the prime factors of 4092000?
2, 3, 5, 11, 31
What are the prime factors of 2302054?
2, 317, 3631
What are the prime factors of 908591?
908591
List the prime factors of 266630.
2, 5, 7, 13, 293
List the prime factors of 101317.
71, 1427
List the prime factors of 4919532.
2, 3, 409961
List the prime factors of 862822.
2, 23, 18757
What are the prime factors of 17410035?
3, 5, 41, 28309
What are the prime factors of 149931?
3, 617
List the prime factors of 186651.
3, 31, 223
What are the prime factors of 584527?
149, 3923
List the prime factors of 2506949.
2506949
List the prime factors of 34714227.
3, 347, 33347
What are the prime factors of 77416?
2, 9677
List the prime factors of 16316929.
16316929
What are the prime